What is the units digit of (-725)/n - 2/(-7)?
1
Suppose -10*f - f = 66. Let w(v) be the second derivative of v**4/12 + v**3/3 + 9*v**2/2 - 2*v. What is the units digit of w(f)?
3
Suppose 144 = 3*i - 3*w, 3*w + 152 = 3*i + 4*w. Let h = i + -24. Let c = h - 20. What is the units digit of c?
6
Suppose -10100 = -9*o + 4*o - 2*c, -o = -5*c - 2020. What is the tens digit of o?
2
Let u(n) = 1 + 2*n + 2*n - 2 + 0. Let s be u(1). Suppose 0 = 5*v - 2*v - s. What is the units digit of v?
1
Let w(o) = o**2 - 6*o - 19. Let y be w(9). Let z(f) = -7*f - y + 3*f**3 + 8*f**2 - 4*f**3 + 14. What is the units digit of z(7)?
6
Let a be 60/8 + 2/(-4). Let c be 641/a + (-9)/(-21). Suppose -c = -3*l - 23. What is the tens digit of l?
2
Let p = 38 + -35. Let d(k) = 2*k**3 - 2*k**2 + k - 1. What is the tens digit of d(p)?
3
Suppose -a + 252 = 2*a - 4*l, -95 = -a + 5*l. What is the units digit of ((-72)/(-48))/(3/a)?
0
What is the tens digit of (-277)/(-1) - (-4 - (-3 + 0))?
7
Suppose -4*j + j = -12. Suppose -3*h - 5 = -j*h. Suppose -h*s - 2*m + 3 + 12 = 0, -3*m - 10 = s. What is the units digit of s?
5
Suppose -4*v - 5*a = -7 - 1, -4*v - 2*a = -20. What is the tens digit of (-62)/(4/(5 - v))?
3
Let g be -17*(3 - 0)/(-3). Suppose -g = -5*h + k + 17, -4*k - 34 = -3*h. Let m(l) = l**3 - 5*l**2 - l - 6. What is the units digit of m(h)?
4
What is the hundreds digit of (-33586)/(-21) - -4 - (-4)/6?
6
Suppose 0 = 3*z - 26 - 19. Let k = 61 - 68. Let q = z + k. What is the units digit of q?
8
Let j = 4034 - -1319. What is the tens digit of j?
5
Suppose c - 5316 = 5*d - 15627, 10305 = 5*d + 5*c. What is the thousands digit of d?
2
Let q be (1*(-3 + -6))/((-2)/4). Let a = q + 97. What is the hundreds digit of a?
1
Suppose 4*a + 5*w - 3749 = 0, -5*a - 5*w + 9*w = -4635. What is the units digit of a?
1
Let s(o) = o - 13. Let u be s(9). What is the tens digit of 39 - 16/u - 2?
4
Suppose -13 - 1 = -r. Suppose 3*a + 2*a = -40. Let c = r - a. What is the units digit of c?
2
Let w be 1349 + 1 + 0 + -2. What is the units digit of w/26 - (-10)/65?
2
Suppose 0 = -2*i - t + 9, -4*i - 5*t + 6 = -15. Suppose -6*x + 3*x = -4*o - 7, i*x - 14 = 3*o. What is the units digit of x?
5
Let v = 87 - 65. Suppose -v + 13 = -3*p. What is the units digit of p?
3
Let g(r) = -383*r**3 - 5*r**2 - 3*r - 8. Let m(o) = -255*o**3 - 3*o**2 - 2*o - 5. Let k(y) = -5*g(y) + 8*m(y). What is the units digit of k(-1)?
7
Let t(z) be the second derivative of 2*z**3/3 - 8*z. Let j be t(2). What is the units digit of (15/10)/(4/j)?
3
Suppose -5*b - 8 = -3. What is the units digit of b/(1/(-59))*1?
9
Suppose -2*z + 16 = 5*r, 2 = 3*r - r + 3*z. What is the units digit of 6 - (-3 + r + 2)?
3
Let v be (18/(-7))/((-4)/(-28)). Let w be -16 + (4 - (-4)/(-4)). Let s = w - v. What is the units digit of s?
5
Suppose -8*n + 3 = 11. Suppose 20 = -5*f + 5*t, 6*f + 3*t = 2*f + 12. What is the units digit of 1*(1 - f/n)?
1
Let j(p) = -6*p**2 - 16. Let o(d) = -5*d**2 - 17. Let s(y) = 4*j(y) - 5*o(y). What is the tens digit of s(0)?
2
Suppose -4*r - 9 = 7. Let z(g) = g**3 - 2*g**2 + 4*g - 2. Let w(j) = 4*j**3 - 6*j**2 + 12*j - 7. Let t(u) = -2*w(u) + 7*z(u). What is the tens digit of t(r)?
1
Let v = -337 + 596. Suppose v = 6*h - 449. What is the tens digit of h?
1
Suppose -5*v - 4*z + 0*z + 29 = 0, z - 21 = -4*v. Suppose v*p = 5*x + 55, 3*p + 4*x - 1 = 11. Let f = 34 - p. What is the tens digit of f?
2
Let c(z) = z**2 - 10*z - 10. Let p be c(8). What is the units digit of 32/(-208) + (-2162)/p?
3
Suppose 36027 + 21186 = 39*g. What is the units digit of g?
7
Suppose -39*p = -40*p - 2. What is the hundreds digit of ((-27)/p)/((-3)/(-28) - 0)?
1
Let c be -41*(-3)/1*1. Suppose -4*x = -381 - c. What is the tens digit of x?
2
Let z(w) = -w**2 + 10*w + 15. Let o be z(10). What is the units digit of (152/(-12))/((-10)/o)?
9
Suppose -5*t = 4*r - 4, -3*t + 3*r - 1 + 25 = 0. Suppose -4 = -t*a + 3*a. Suppose 6*y - y - 2 = -4*b, 3*y + a = -5*b. What is the units digit of y?
2
Let f = 48 + -34. Suppose -f = -3*q - 311. Let g = -70 - q. What is the tens digit of g?
2
Let j(y) = -40*y + 64. What is the thousands digit of j(-43)?
1
Let g(z) = 24*z - 45. Let f be g(15). What is the hundreds digit of (75/(-2))/((f/112)/(-15))?
2
Let v(s) = s**2 - 4*s + 4. Let l be v(6). Suppose -42 + 39 = o. Let f = l - o. What is the tens digit of f?
1
Suppose 0 = 6*u - 0*u + 4056. What is the units digit of (-33)/55 - u/10?
7
Suppose 0 = 2*w + 2*w - 28. Let s(g) = 14 + w*g + g + 0 - 7*g. What is the units digit of s(0)?
4
Let l(w) = -2*w**3 + 45*w**2 + 50*w - 134. What is the hundreds digit of l(23)?
4
Let i = -3 + 3. Suppose z = -i*z + 100. What is the units digit of z?
0
Let g be 1*78 - (3 - 2). Suppose z + 0*b = b + g, 5*z - 4*b = 389. What is the tens digit of z?
8
Suppose 0 = -0*r - 2*r + 5*u - 316, 3*r + 520 = -4*u. What is the hundreds digit of (-1 + 0)/((-8)/(-24)) - r?
1
Let c = 10 + -12. What is the tens digit of 0 - (c - -25)/(5/(-55))?
5
Let u = -11 - -11. Let n(o) = o**2 + o + 197. What is the units digit of n(u)?
7
Suppose -a - 4*x + 442 = 0, 2*a + 0*x = 3*x + 862. What is the units digit of a?
4
Let t(w) = 17*w**2 - 27*w**2 + 11*w**2 + 15*w**2 - w**3 + 14 - 16*w. What is the units digit of t(14)?
2
What is the tens digit of (-193452)/(-33) + 120/(-660)?
6
What is the units digit of ((-258)/(-15) - 0)/(2/30)?
8
Suppose -3*b + 15 = u, 2*b - 10 = -0*u - 5*u. Suppose -5*y + 0*y + 135 = u. What is the units digit of y?
7
Suppose -36 = 3*h + h + 4*y, 0 = 3*h + y + 23. Let a(l) = 6*l**2 - 6*l - 51. What is the hundreds digit of a(h)?
2
Suppose -4*z = -105 - 2819. What is the tens digit of z?
3
Suppose -n = 2*r + 6, -10 = 3*n + 5*r + 4. Suppose 0 = -n*h - h - 12. Let y = -1 - h. What is the units digit of y?
3
Suppose 48*t = 53*t - 1895. What is the units digit of t?
9
Let q(c) = -c**3 + 3*c**2 + 4*c + 4. Suppose -5*d = -15, 3*d + 1 = 4*h - 6. Let u be q(h). What is the units digit of (u/6)/(7/273)?
6
Let i = -482 + 191. Let f = i - -203. What is the units digit of (f/(-12))/((-4)/(-6))?
1
Let o = -613 + 945. What is the hundreds digit of o?
3
Suppose 2*d + 3*r = 19, -5*d - 4*r + 46 = 16. Suppose -d*j = j + 201. Let v = j + 98. What is the tens digit of v?
3
What is the units digit of 7/28 - ((-3687)/4 + 1)?
1
Let w be 6/15 - (2332/(-20) + 2). Suppose 3*h - 39 = -r, -3*r - 2*r = -5*h - w. What is the tens digit of r?
2
Let l(c) = c**3 + 2*c**2 + 10*c + 3216. What is the thousands digit of l(0)?
3
Let l = 2 + 188. Suppose -3*u + 3*n + 135 = 0, 4*u + 2*n - l = n. What is the units digit of u?
7
Suppose -5*y + 815 = 3*a - 4611, 3*y + 7283 = 4*a. What is the units digit of a?
7
Let y(r) = -2*r**3 - 14*r**2 - 9*r - 79. What is the tens digit of y(-14)?
9
Suppose 4*n + 4*j = 124, -j = -2*n - 0*j + 53. What is the tens digit of n + -1 - (-3 + 2 + 0)?
2
Suppose -9*q + 2846 = 2*i - 12*q, -4*i - 3*q = -5728. What is the thousands digit of i?
1
What is the tens digit of ((-768)/64)/(-1 - -3) + 1311?
0
Let l(p) = -p**3 + 27*p**2 - 43*p - 37. What is the units digit of l(25)?
8
Suppose 2*x - 8 = -2*x. Let v = 4 - x. Suppose -5*f + 90 = -v*f. What is the units digit of f?
0
Suppose 4*l - 48 = 4*i, 3*i + 2 = 3*l - 2*l. What is the tens digit of l?
1
Let u(g) = -4*g - 13. Suppose p - 9 = 14. Let m = -35 + p. What is the units digit of u(m)?
5
What is the hundreds digit of 15/(-20)*7/42*-15112?
8
Suppose 0 = 2*g + g - 981. What is the hundreds digit of g?
3
Let b be (3/(-5))/3 + (-486)/(-5). Suppose -t - a + 24 = 0, 3*t - 2*a = -0*a + b. What is the units digit of t?
9
Let p = 1 - -3. Suppose p*q - 94 = 10. Let m = q + -10. What is the tens digit of m?
1
Let m(a) = -3*a - 98. Let s be m(-31). Suppose -4*z + t - 161 + 43 = 0, -z + 3*t = 24. Let q = s - z. What is the units digit of q?
5
Suppose 5*z - 6 = -11. What is the hundreds digit of (211 - (z - 0))*(1 + 0)?
2
Let y(f) = -f**2 + f + 157. What is the hundreds digit of y(0)?
1
What is the units digit of 816 + -5*36/(-60)?
9
Let o(c) = -20*c - 1 + 63*c**2 + 9 - 58*c**2. What is the units digit of o(6)?
8
Suppose -1 = -l - 0, 3*a - 223 = 5*l. What is the tens digit of a?
7
Let x(i) = -i**2 - 3*i - 1. Let l be x(-5). Let h = 66 + l. What is the tens digit of h?
5
Let h = 2 + 4. Suppose -h*t + 2*t = 0. Suppose t = 10*q - 6*q - 1